{"id":5627,"date":"2024-08-24T16:38:22","date_gmt":"2024-08-24T16:38:22","guid":{"rendered":"https:\/\/les-citoyens.org\/New\/?page_id=5627"},"modified":"2024-08-24T17:19:05","modified_gmt":"2024-08-24T17:19:05","slug":"calendrier-2024-2","status":"publish","type":"page","link":"https:\/\/les-citoyens.org\/New\/calendrier-2024-2\/","title":{"rendered":"Calendrier 2024"},"content":{"rendered":"\t\t<div data-elementor-type=\"wp-page\" data-elementor-id=\"5627\" class=\"elementor elementor-5627\" data-elementor-post-type=\"page\">\n\t\t\t\t<div class=\"elementor-element elementor-element-ba88dc4 e-flex e-con-boxed e-con e-parent\" data-id=\"ba88dc4\" data-element_type=\"container\" data-e-type=\"container\">\n\t\t\t\t\t<div class=\"e-con-inner\">\n\t\t\t\t<div class=\"elementor-element elementor-element-b88c873 elementor-widget elementor-widget-image\" data-id=\"b88c873\" data-element_type=\"widget\" data-e-type=\"widget\" data-widget_type=\"image.default\">\n\t\t\t\t<div class=\"elementor-widget-container\">\n\t\t\t\t\t\t\t\t\t\t\t\t\t\t\t<img fetchpriority=\"high\" decoding=\"async\" width=\"800\" height=\"600\" src=\"https:\/\/les-citoyens.org\/New\/wp-content\/uploads\/2024\/08\/Concept-note-I-Dialogues-Citoyens-I-Berkane-2.png\" class=\"attachment-large size-large wp-image-5403\" alt=\"\" srcset=\"https:\/\/les-citoyens.org\/New\/wp-content\/uploads\/2024\/08\/Concept-note-I-Dialogues-Citoyens-I-Berkane-2.png 1024w, https:\/\/les-citoyens.org\/New\/wp-content\/uploads\/2024\/08\/Concept-note-I-Dialogues-Citoyens-I-Berkane-2-533x400.png 533w, https:\/\/les-citoyens.org\/New\/wp-content\/uploads\/2024\/08\/Concept-note-I-Dialogues-Citoyens-I-Berkane-2-768x576.png 768w, https:\/\/les-citoyens.org\/New\/wp-content\/uploads\/2024\/08\/Concept-note-I-Dialogues-Citoyens-I-Berkane-2-510x383.png 510w\" sizes=\"(max-width: 800px) 100vw, 800px\" \/>\t\t\t\t\t\t\t\t\t\t\t\t\t\t\t<\/div>\n\t\t\t\t<\/div>\n\t\t\t\t\t<\/div>\n\t\t\t\t<\/div>\n\t\t<div class=\"elementor-element elementor-element-abdaf17 e-flex e-con-boxed e-con e-parent\" data-id=\"abdaf17\" data-element_type=\"container\" data-e-type=\"container\">\n\t\t\t\t\t<div class=\"e-con-inner\">\n\t\t\t\t<div class=\"elementor-element elementor-element-ca8b6f0 elementor-widget elementor-widget-heading\" data-id=\"ca8b6f0\" data-element_type=\"widget\" data-e-type=\"widget\" data-widget_type=\"heading.default\">\n\t\t\t\t<div class=\"elementor-widget-container\">\n\t\t\t\t\t<h2 class=\"elementor-heading-title elementor-size-default\">Vous voulez y participez ? inscrivez-vous maintenant en cliquant ci-dessous !<\/h2>\t\t\t\t<\/div>\n\t\t\t\t<\/div>\n\t\t\t\t\t<\/div>\n\t\t\t\t<\/div>\n\t\t<div class=\"elementor-element elementor-element-78005a4 e-grid e-con-boxed e-con e-parent\" data-id=\"78005a4\" data-element_type=\"container\" data-e-type=\"container\">\n\t\t\t\t\t<div class=\"e-con-inner\">\n\t\t\t\t<div class=\"elementor-element elementor-element-6a310d2 elementor-widget elementor-widget-image\" data-id=\"6a310d2\" data-element_type=\"widget\" data-e-type=\"widget\" data-widget_type=\"image.default\">\n\t\t\t\t<div class=\"elementor-widget-container\">\n\t\t\t\t\t\t\t\t\t\t\t\t\t\t\t\t<a href=\"https:\/\/docs.google.com\/forms\/d\/e\/1FAIpQLSevqhP7S7iyiMNw-fbQJRTER6ZfH1zNJslqYJ0B1dqZ5gQUUA\/viewform\">\n\t\t\t\t\t\t\t<img decoding=\"async\" width=\"500\" height=\"500\" src=\"https:\/\/les-citoyens.org\/New\/wp-content\/uploads\/2024\/08\/3.png\" class=\"attachment-large size-large wp-image-5629\" alt=\"\" srcset=\"https:\/\/les-citoyens.org\/New\/wp-content\/uploads\/2024\/08\/3.png 500w, https:\/\/les-citoyens.org\/New\/wp-content\/uploads\/2024\/08\/3-400x400.png 400w, https:\/\/les-citoyens.org\/New\/wp-content\/uploads\/2024\/08\/3-280x280.png 280w, https:\/\/les-citoyens.org\/New\/wp-content\/uploads\/2024\/08\/3-100x100.png 100w\" sizes=\"(max-width: 500px) 100vw, 500px\" \/>\t\t\t\t\t\t\t\t<\/a>\n\t\t\t\t\t\t\t\t\t\t\t\t\t\t\t<\/div>\n\t\t\t\t<\/div>\n\t\t\t\t<div class=\"elementor-element elementor-element-d3afb70 elementor-widget elementor-widget-image\" data-id=\"d3afb70\" data-element_type=\"widget\" data-e-type=\"widget\" data-widget_type=\"image.default\">\n\t\t\t\t<div class=\"elementor-widget-container\">\n\t\t\t\t\t\t\t\t\t\t\t\t\t\t\t\t<a href=\"https:\/\/docs.google.com\/forms\/d\/e\/1FAIpQLSehrZl3SvBogDHPYl5cmSrGscbZQUoEtDYBrmnr1IiWZA7OQg\/viewform\">\n\t\t\t\t\t\t\t<img decoding=\"async\" width=\"500\" height=\"500\" src=\"https:\/\/les-citoyens.org\/New\/wp-content\/uploads\/2024\/08\/5.png\" class=\"attachment-large size-large wp-image-5631\" alt=\"\" srcset=\"https:\/\/les-citoyens.org\/New\/wp-content\/uploads\/2024\/08\/5.png 500w, https:\/\/les-citoyens.org\/New\/wp-content\/uploads\/2024\/08\/5-400x400.png 400w, https:\/\/les-citoyens.org\/New\/wp-content\/uploads\/2024\/08\/5-280x280.png 280w, https:\/\/les-citoyens.org\/New\/wp-content\/uploads\/2024\/08\/5-100x100.png 100w\" sizes=\"(max-width: 500px) 100vw, 500px\" \/>\t\t\t\t\t\t\t\t<\/a>\n\t\t\t\t\t\t\t\t\t\t\t\t\t\t\t<\/div>\n\t\t\t\t<\/div>\n\t\t\t\t<div class=\"elementor-element elementor-element-aeb95a3 elementor-widget elementor-widget-image\" data-id=\"aeb95a3\" data-element_type=\"widget\" data-e-type=\"widget\" data-widget_type=\"image.default\">\n\t\t\t\t<div class=\"elementor-widget-container\">\n\t\t\t\t\t\t\t\t\t\t\t\t\t\t\t\t<a href=\"https:\/\/docs.google.com\/forms\/d\/e\/1FAIpQLSe7rWG9xFM59K1tXNCdZjTmG3dqtdLngv1b6wuRh4rqfarPgQ\/viewform\">\n\t\t\t\t\t\t\t<img loading=\"lazy\" decoding=\"async\" width=\"500\" height=\"500\" src=\"https:\/\/les-citoyens.org\/New\/wp-content\/uploads\/2024\/08\/4.png\" class=\"attachment-large size-large wp-image-5630\" alt=\"\" srcset=\"https:\/\/les-citoyens.org\/New\/wp-content\/uploads\/2024\/08\/4.png 500w, https:\/\/les-citoyens.org\/New\/wp-content\/uploads\/2024\/08\/4-400x400.png 400w, https:\/\/les-citoyens.org\/New\/wp-content\/uploads\/2024\/08\/4-280x280.png 280w, https:\/\/les-citoyens.org\/New\/wp-content\/uploads\/2024\/08\/4-100x100.png 100w\" sizes=\"(max-width: 500px) 100vw, 500px\" \/>\t\t\t\t\t\t\t\t<\/a>\n\t\t\t\t\t\t\t\t\t\t\t\t\t\t\t<\/div>\n\t\t\t\t<\/div>\n\t\t\t\t\t<\/div>\n\t\t\t\t<\/div>\n\t\t<div class=\"elementor-element elementor-element-577a875 e-flex e-con-boxed e-con e-parent\" data-id=\"577a875\" data-element_type=\"container\" data-e-type=\"container\">\n\t\t\t\t\t<div class=\"e-con-inner\">\n\t\t\t\t<div class=\"elementor-element elementor-element-f854896 elementor-widget elementor-widget-heading\" data-id=\"f854896\" data-element_type=\"widget\" data-e-type=\"widget\" data-widget_type=\"heading.default\">\n\t\t\t\t<div class=\"elementor-widget-container\">\n\t\t\t\t\t<h2 class=\"elementor-heading-title elementor-size-default\">Les activit\u00e9s de cette \u00e9dition <\/h2>\t\t\t\t<\/div>\n\t\t\t\t<\/div>\n\t\t\t\t\t<\/div>\n\t\t\t\t<\/div>\n\t\t\t\t<section class=\"elementor-section elementor-top-section elementor-element elementor-element-43467d37 elementor-section-full_width elementor-section-height-default elementor-section-height-default\" data-id=\"43467d37\" data-element_type=\"section\" data-e-type=\"section\" data-settings=\"{&quot;background_background&quot;:&quot;gradient&quot;}\">\n\t\t\t\t\t\t<div class=\"elementor-container elementor-column-gap-default\">\n\t\t\t\t\t<div class=\"elementor-column elementor-col-100 elementor-top-column elementor-element elementor-element-3cdc2589\" data-id=\"3cdc2589\" data-element_type=\"column\" data-e-type=\"column\">\n\t\t\t<div class=\"elementor-widget-wrap elementor-element-populated\">\n\t\t\t\t\t\t<div class=\"elementor-element elementor-element-c1a4170 elementor-widget elementor-widget-image\" data-id=\"c1a4170\" data-element_type=\"widget\" data-e-type=\"widget\" data-widget_type=\"image.default\">\n\t\t\t\t<div class=\"elementor-widget-container\">\n\t\t\t\t\t\t\t\t\t\t\t\t\t\t\t<img loading=\"lazy\" decoding=\"async\" width=\"441\" height=\"264\" src=\"https:\/\/les-citoyens.org\/New\/wp-content\/uploads\/2024\/08\/Capture-decran-2024-08-23-101317.png\" class=\"attachment-medium size-medium wp-image-5382\" alt=\"\" \/>\t\t\t\t\t\t\t\t\t\t\t\t\t\t\t<\/div>\n\t\t\t\t<\/div>\n\t\t\t\t<section class=\"elementor-section elementor-inner-section elementor-element elementor-element-3d878a97 elementor-section-boxed elementor-section-height-default elementor-section-height-default\" data-id=\"3d878a97\" data-element_type=\"section\" data-e-type=\"section\">\n\t\t\t\t\t\t<div class=\"elementor-container elementor-column-gap-default\">\n\t\t\t\t\t<div class=\"elementor-column elementor-col-33 elementor-inner-column elementor-element elementor-element-35b041d6\" data-id=\"35b041d6\" data-element_type=\"column\" data-e-type=\"column\">\n\t\t\t<div class=\"elementor-widget-wrap\">\n\t\t\t\t\t\t\t<\/div>\n\t\t<\/div>\n\t\t\t\t<div class=\"elementor-column elementor-col-33 elementor-inner-column elementor-element elementor-element-78857632\" data-id=\"78857632\" data-element_type=\"column\" data-e-type=\"column\">\n\t\t\t<div class=\"elementor-widget-wrap elementor-element-populated\">\n\t\t\t\t\t\t<div class=\"elementor-element elementor-element-ad06fa8 elementor-widget elementor-widget-text-editor\" data-id=\"ad06fa8\" data-element_type=\"widget\" data-e-type=\"widget\" data-widget_type=\"text-editor.default\">\n\t\t\t\t<div class=\"elementor-widget-container\">\n\t\t\t\t\t\t\t\t\t<p><b>Le Weekend Citoyen<\/b> est une initiative phare de l&rsquo;association Les Citoyens qui encourage la participation citoyenne et le d\u00e9veloppement local inclusif. Cette tourn\u00e9e nationale se distingue par son approche inclusive, qui vise \u00e0 \u00e9couter, former, accompagner et inspirer les jeunes, les femmes et les acteurs locaux. Notre mission est de les habiliter \u00e0 exercer pleinement leur r\u00f4le en tant qu&rsquo;agents de changement et de d\u00e9veloppement local.<\/p>\t\t\t\t\t\t\t\t<\/div>\n\t\t\t\t<\/div>\n\t\t\t\t\t<\/div>\n\t\t<\/div>\n\t\t\t\t<div class=\"elementor-column elementor-col-33 elementor-inner-column elementor-element elementor-element-612437e2\" data-id=\"612437e2\" data-element_type=\"column\" data-e-type=\"column\">\n\t\t\t<div class=\"elementor-widget-wrap\">\n\t\t\t\t\t\t\t<\/div>\n\t\t<\/div>\n\t\t\t\t\t<\/div>\n\t\t<\/section>\n\t\t\t\t<div class=\"elementor-element elementor-element-4c4f2ab elementor-widget elementor-widget-heading\" data-id=\"4c4f2ab\" data-element_type=\"widget\" data-e-type=\"widget\" data-widget_type=\"heading.default\">\n\t\t\t\t<div class=\"elementor-widget-container\">\n\t\t\t\t\t<h1 class=\"elementor-heading-title elementor-size-default\"><b>Retour en 2024 avec trois programmes :\n<\/b><\/h1>\t\t\t\t<\/div>\n\t\t\t\t<\/div>\n\t\t<div class=\"elementor-element elementor-element-f6307ab e-grid e-con-boxed e-con e-parent\" data-id=\"f6307ab\" data-element_type=\"container\" data-e-type=\"container\">\n\t\t\t\t\t<div class=\"e-con-inner\">\n\t\t\t\t<div class=\"elementor-element elementor-element-b54af61 elementor-widget elementor-widget-image\" data-id=\"b54af61\" data-element_type=\"widget\" data-e-type=\"widget\" data-widget_type=\"image.default\">\n\t\t\t\t<div class=\"elementor-widget-container\">\n\t\t\t\t\t\t\t\t\t\t\t\t\t\t\t<img decoding=\"async\" src=\"https:\/\/les-citoyens.org\/New\/wp-content\/uploads\/2024\/08\/White-Modern-Minimalist-Signature-Brand-Logo-7.png\" title=\"White Modern Minimalist Signature Brand Logo (7)\" alt=\"White Modern Minimalist Signature Brand Logo (7)\" loading=\"lazy\" \/>\t\t\t\t\t\t\t\t\t\t\t\t\t\t\t<\/div>\n\t\t\t\t<\/div>\n\t\t\t\t<div class=\"elementor-element elementor-element-bb696c2 elementor-widget elementor-widget-text-editor\" data-id=\"bb696c2\" data-element_type=\"widget\" data-e-type=\"widget\" data-widget_type=\"text-editor.default\">\n\t\t\t\t<div class=\"elementor-widget-container\">\n\t\t\t\t\t\t\t\t\t<p><b>Le Caf\u00e9 Citoyen<\/b> se pr\u00e9sente comme un espace de dialogue ouvert et inclusif, con\u00e7u pour encourager les \u00e9changes constructifs entre citoyens sur des th\u00e9matiques d&rsquo;actualit\u00e9 li\u00e9es au d\u00e9veloppement local. Cet environnement accueillant permet \u00e0 chacun de s&rsquo;exprimer librement, de partager ses id\u00e9es et exp\u00e9riences, et surtout de proposer des solutions concr\u00e8tes aux probl\u00e9matiques communes. \u00c0 travers des rencontres r\u00e9guli\u00e8res, les participants sont invit\u00e9s \u00e0 d\u00e9battre sur une vari\u00e9t\u00e9 de sujets, allant de l&rsquo;environnement \u00e0 l&rsquo;\u00e9conomie sociale, dans le but de stimuler une prise de conscience et une action citoyenne \u00e9clair\u00e9e. Le Caf\u00e9 Citoyen est l&rsquo;opportunit\u00e9 id\u00e9ale pour tisser des liens, inspirer et \u00eatre inspir\u00e9, dans une qu\u00eate commune pour un avenir meilleur et plus durable.<\/p>\t\t\t\t\t\t\t\t<\/div>\n\t\t\t\t<\/div>\n\t\t\t\t<div class=\"elementor-element elementor-element-fc55158 elementor-widget elementor-widget-image\" data-id=\"fc55158\" data-element_type=\"widget\" data-e-type=\"widget\" data-widget_type=\"image.default\">\n\t\t\t\t<div class=\"elementor-widget-container\">\n\t\t\t\t\t\t\t\t\t\t\t\t\t\t\t<img decoding=\"async\" src=\"https:\/\/les-citoyens.org\/New\/wp-content\/uploads\/2024\/08\/White-Modern-Minimalist-Signature-Brand-Logo-8.png\" title=\"White Modern Minimalist Signature Brand Logo (8)\" alt=\"White Modern Minimalist Signature Brand Logo (8)\" loading=\"lazy\" \/>\t\t\t\t\t\t\t\t\t\t\t\t\t\t\t<\/div>\n\t\t\t\t<\/div>\n\t\t\t\t<div class=\"elementor-element elementor-element-9f9075b elementor-widget elementor-widget-heading\" data-id=\"9f9075b\" data-element_type=\"widget\" data-e-type=\"widget\" data-widget_type=\"heading.default\">\n\t\t\t\t<div class=\"elementor-widget-container\">\n\t\t\t\t\t<h2 class=\"elementor-heading-title elementor-size-default\"><b>Le Bootcamp Citoyen <\/b>est un programme intensif de formation qui plonge les jeunes leaders communautaires dans un processus d'apprentissage dynamique et engag\u00e9. Con\u00e7u pour renforcer les comp\u00e9tences essentielles telles que le leadership, la gestion de projet, et la communication efficace, ce bootcamp combine th\u00e9orie et pratique pour un impact maximal. \u00c0 travers des ateliers, des \u00e9tudes de cas, et des projets r\u00e9els, les participants sont encourag\u00e9s \u00e0 mettre en pratique leurs apprentissages en d\u00e9veloppant et en pilotant des initiatives de d\u00e9veloppement local. L'accompagnement personnalis\u00e9 et le soutien continu offerts tout au long du programme visent \u00e0 transformer les id\u00e9es novatrices en actions concr\u00e8tes, permettant ainsi aux jeunes leaders de devenir des moteurs de changement dans leurs communaut\u00e9s.<\/h2>\t\t\t\t<\/div>\n\t\t\t\t<\/div>\n\t\t\t\t<div class=\"elementor-element elementor-element-dbb86b4 elementor-widget elementor-widget-image\" data-id=\"dbb86b4\" data-element_type=\"widget\" data-e-type=\"widget\" data-widget_type=\"image.default\">\n\t\t\t\t<div class=\"elementor-widget-container\">\n\t\t\t\t\t\t\t\t\t\t\t\t\t\t\t<img decoding=\"async\" src=\"https:\/\/les-citoyens.org\/New\/wp-content\/uploads\/2024\/08\/Capture-decran-2024-08-23-111555.png\" title=\"Capture d\u2019\u00e9cran 2024-08-23 111555\" alt=\"Capture d\u2019\u00e9cran 2024-08-23 111555\" loading=\"lazy\" \/>\t\t\t\t\t\t\t\t\t\t\t\t\t\t\t<\/div>\n\t\t\t\t<\/div>\n\t\t\t\t<div class=\"elementor-element elementor-element-98f4610 elementor-widget elementor-widget-text-editor\" data-id=\"98f4610\" data-element_type=\"widget\" data-e-type=\"widget\" data-widget_type=\"text-editor.default\">\n\t\t\t\t<div class=\"elementor-widget-container\">\n\t\t\t\t\t\t\t\t\t<p><b>Le Programme EMERGE<\/b> est con\u00e7u pour soutenir sur mesure les porteurs de projets et les acteurs territoriaux engag\u00e9s dans des dynamiques de changement. En mettant l&rsquo;accent sur l&rsquo;amplification de l&rsquo;impact social des initiatives locales, ce programme vise \u00e0 encourager la collaboration et \u00e0 cr\u00e9er des synergies entre les diff\u00e9rents acteurs locaux. \u00c0 travers un accompagnement personnalis\u00e9, des ateliers de co-cr\u00e9ation, et la mise en r\u00e9seau, EMERGE aide \u00e0 d\u00e9velopper des solutions innovantes et durables aux d\u00e9fis locaux. Que ce soit par la valorisation des ressources locales, la promotion de l&rsquo;\u00e9conomie circulaire ou l&rsquo;incitation \u00e0 l&rsquo;engagement citoyen, le programme EMERGE est un catalyseur pour ceux qui aspirent \u00e0 faire une diff\u00e9rence tangible dans leur environnement direct.<\/p>\t\t\t\t\t\t\t\t<\/div>\n\t\t\t\t<\/div>\n\t\t\t\t\t<\/div>\n\t\t\t\t<\/div>\n\t\t\t\t\t<\/div>\n\t\t<\/div>\n\t\t\t\t\t<\/div>\n\t\t<\/section>\n\t\t<div class=\"elementor-element elementor-element-93ce6d0 e-flex e-con-boxed e-con e-parent\" data-id=\"93ce6d0\" data-element_type=\"container\" data-e-type=\"container\">\n\t\t\t\t\t<div class=\"e-con-inner\">\n\t\t\t\t<div class=\"elementor-element elementor-element-e25ccf0 elementor-widget elementor-widget-heading\" data-id=\"e25ccf0\" data-element_type=\"widget\" data-e-type=\"widget\" data-widget_type=\"heading.default\">\n\t\t\t\t<div class=\"elementor-widget-container\">\n\t\t\t\t\t<h2 class=\"elementor-heading-title elementor-size-default\">Vous voulez y participez ? inscrivez-vous maintenant en cliquant ci-dessous !<\/h2>\t\t\t\t<\/div>\n\t\t\t\t<\/div>\n\t\t\t\t\t<\/div>\n\t\t\t\t<\/div>\n\t\t\t\t<\/div>\n\t\t","protected":false},"excerpt":{"rendered":"<p>Vous voulez y participez ? inscrivez-vous maintenant en cliquant ci-dessous ! Les activit\u00e9s de cette \u00e9dition Le Weekend Citoyen est une initiative phare de l&rsquo;association Les Citoyens qui encourage la participation citoyenne et le d\u00e9veloppement local inclusif. Cette tourn\u00e9e nationale se distingue par son approche inclusive, qui vise \u00e0 \u00e9couter, former, accompagner et inspirer les [&hellip;]<\/p>\n","protected":false},"author":1,"featured_media":0,"parent":0,"menu_order":0,"comment_status":"closed","ping_status":"closed","template":"elementor_header_footer","meta":{"footnotes":""},"class_list":["post-5627","page","type-page","status-publish","hentry"],"_links":{"self":[{"href":"https:\/\/les-citoyens.org\/New\/wp-json\/wp\/v2\/pages\/5627","targetHints":{"allow":["GET"]}}],"collection":[{"href":"https:\/\/les-citoyens.org\/New\/wp-json\/wp\/v2\/pages"}],"about":[{"href":"https:\/\/les-citoyens.org\/New\/wp-json\/wp\/v2\/types\/page"}],"author":[{"embeddable":true,"href":"https:\/\/les-citoyens.org\/New\/wp-json\/wp\/v2\/users\/1"}],"replies":[{"embeddable":true,"href":"https:\/\/les-citoyens.org\/New\/wp-json\/wp\/v2\/comments?post=5627"}],"version-history":[{"count":14,"href":"https:\/\/les-citoyens.org\/New\/wp-json\/wp\/v2\/pages\/5627\/revisions"}],"predecessor-version":[{"id":5646,"href":"https:\/\/les-citoyens.org\/New\/wp-json\/wp\/v2\/pages\/5627\/revisions\/5646"}],"wp:attachment":[{"href":"https:\/\/les-citoyens.org\/New\/wp-json\/wp\/v2\/media?parent=5627"}],"curies":[{"name":"wp","href":"https:\/\/api.w.org\/{rel}","templated":true}]}}